{"id":80,"date":"2021-02-28T10:43:00","date_gmt":"2021-02-28T09:43:00","guid":{"rendered":"http:\/\/moselle-triathlon.fr\/?page_id=80"},"modified":"2025-03-23T08:05:11","modified_gmt":"2025-03-23T07:05:11","slug":"membres-du-cd-57-triathlon","status":"publish","type":"page","link":"https:\/\/moselle-triathlon.fr\/index.php\/membres-du-cd-57-triathlon\/","title":{"rendered":"Membres du CD 57 Triathlon"},"content":{"rendered":"\n<p>Lors de <a href=\"https:\/\/moselle-triathlon.fr\/index.php\/2025\/03\/22\/cr-de-lag-du-cd57-triathlon-du-26-02-2025\/\" target=\"_blank\" rel=\"noopener\">l&rsquo;Assembl\u00e9e g\u00e9n\u00e9rale du Comit\u00e9 D\u00e9partemental Moselle de Triathlon du&nbsp;26 f\u00e9vrier 2025<\/a>, un nouveau<strong> comit\u00e9 directeur du CD 57&nbsp;Triathlon<\/strong> a \u00e9t\u00e9 \u00e9lu pour la mandature 2025-2029. Ce dernier a ensuite choisi parmi ses membres ceux composant le bureau directeur, lors de sa r\u00e9union du comit\u00e9 du 20 mars 2025. Voici le r\u00e9sultat de ces \u00e9lections: <\/p>\n\n\n\n<figure class=\"wp-block-image aligncenter size-full is-style-default\"><img loading=\"lazy\" decoding=\"async\" width=\"2000\" height=\"1414\" src=\"https:\/\/moselle-triathlon.fr\/wp-content\/uploads\/2025\/03\/2025-Trombinoscope-Comite-directeur-CD57Tri.png\" alt=\"- Pr\u00e9sident : Julien FAUCONNIER\n- Vice-Pr\u00e9sident : Julien LOCATELLI\n- Secr\u00e9taire G\u00e9n\u00e9rale \u00a0: Emilie JACQUOT\n- Tr\u00e9sorier G\u00e9n\u00e9ral : Fr\u00e9d\u00e9ric PLATZ\n- autre membre: Agn\u00e8s LEHAIR\" class=\"wp-image-2958\" srcset=\"https:\/\/moselle-triathlon.fr\/wp-content\/uploads\/2025\/03\/2025-Trombinoscope-Comite-directeur-CD57Tri.png 2000w, https:\/\/moselle-triathlon.fr\/wp-content\/uploads\/2025\/03\/2025-Trombinoscope-Comite-directeur-CD57Tri-300x212.png 300w, https:\/\/moselle-triathlon.fr\/wp-content\/uploads\/2025\/03\/2025-Trombinoscope-Comite-directeur-CD57Tri-768x543.png 768w, https:\/\/moselle-triathlon.fr\/wp-content\/uploads\/2025\/03\/2025-Trombinoscope-Comite-directeur-CD57Tri-1024x724.png 1024w, https:\/\/moselle-triathlon.fr\/wp-content\/uploads\/2025\/03\/2025-Trombinoscope-Comite-directeur-CD57Tri-1536x1086.png 1536w\" sizes=\"auto, (max-width: 2000px) 100vw, 2000px\" \/><\/figure>\n\n\n\n<hr class=\"wp-block-separator has-alpha-channel-opacity\"\/>\n\n\n\n<p>Voir aussi :&nbsp;<a href=\"http:\/\/moselle-triathlon.fr\/index.php\/role-et-missions-du-cd-57-triathlon\/\">R\u00f4le et missions du Comit\u00e9<\/a><\/p>\n\n\n\n<hr class=\"wp-block-separator has-alpha-channel-opacity\"\/>\n\n\n\n<figure class=\"wp-block-image aligncenter\"><a href=\"http:\/\/moselle-triathlon.fr\/index.php\/nous-contacter\/\"><img loading=\"lazy\" decoding=\"async\" width=\"300\" height=\"188\" src=\"http:\/\/moselle-triathlon.fr\/wp-content\/uploads\/2015\/10\/nous_contacter_moselle_triathlon-300x188.gif\" alt=\"nous_contacter_moselle_triathlon\" class=\"wp-image-111\" srcset=\"https:\/\/moselle-triathlon.fr\/wp-content\/uploads\/2015\/10\/nous_contacter_moselle_triathlon-300x188.gif 300w, https:\/\/moselle-triathlon.fr\/wp-content\/uploads\/2015\/10\/nous_contacter_moselle_triathlon-400x250.gif 400w\" sizes=\"auto, (max-width: 300px) 100vw, 300px\" \/><\/a><\/figure>\n\n\n\n<p><\/p>\n","protected":false},"excerpt":{"rendered":"<p>Lors de l&rsquo;Assembl\u00e9e g\u00e9n\u00e9rale du Comit\u00e9 D\u00e9partemental Moselle de Triathlon du&nbsp;26 f\u00e9vrier 2025, un nouveau comit\u00e9 directeur du CD 57&nbsp;Triathlon a \u00e9t\u00e9 \u00e9lu pour la mandature 2025-2029. Ce dernier a ensuite choisi parmi ses membres ceux composant le bureau directeur, lors de sa r\u00e9union du comit\u00e9 du 20 mars 2025. Voici le r\u00e9sultat de ces [&hellip;]<\/p>\n","protected":false},"author":4,"featured_media":0,"parent":0,"menu_order":0,"comment_status":"closed","ping_status":"closed","template":"","meta":{"footnotes":""},"class_list":["post-80","page","type-page","status-publish","hentry"],"blocksy_meta":[],"_links":{"self":[{"href":"https:\/\/moselle-triathlon.fr\/index.php\/wp-json\/wp\/v2\/pages\/80","targetHints":{"allow":["GET"]}}],"collection":[{"href":"https:\/\/moselle-triathlon.fr\/index.php\/wp-json\/wp\/v2\/pages"}],"about":[{"href":"https:\/\/moselle-triathlon.fr\/index.php\/wp-json\/wp\/v2\/types\/page"}],"author":[{"embeddable":true,"href":"https:\/\/moselle-triathlon.fr\/index.php\/wp-json\/wp\/v2\/users\/4"}],"replies":[{"embeddable":true,"href":"https:\/\/moselle-triathlon.fr\/index.php\/wp-json\/wp\/v2\/comments?post=80"}],"version-history":[{"count":0,"href":"https:\/\/moselle-triathlon.fr\/index.php\/wp-json\/wp\/v2\/pages\/80\/revisions"}],"wp:attachment":[{"href":"https:\/\/moselle-triathlon.fr\/index.php\/wp-json\/wp\/v2\/media?parent=80"}],"curies":[{"name":"wp","href":"https:\/\/api.w.org\/{rel}","templated":true}]}}